{"id":170,"date":"2015-10-22T10:32:48","date_gmt":"2015-10-22T10:32:48","guid":{"rendered":"http:\/\/baugeschaeft-bade.de\/?page_id=170"},"modified":"2015-11-25T21:54:10","modified_gmt":"2015-11-25T21:54:10","slug":"einfamilienhaeuser","status":"publish","type":"page","link":"https:\/\/baugeschaeft-bade.de\/?page_id=170","title":{"rendered":"Einfamilienh\u00e4user"},"content":{"rendered":"<h4 id=\"mitte\">Baugesch\u00e4ft Bade &#8211; Einfamilienhaus &#8211; Typ I<\/h4>\n<h6>Grundtyp, der Ihren pers\u00f6nlichen Bed\u00fcrfnissen und Gestaltungsw\u00fcnschen angepasst werden kann<\/h6>\n<h3>Smart Slider with ID #7 does NOT EXIST or has NO SLIDES!<\/h3><h4>Usage: WordPress Shortcode<\/h4>\n<h4><\/h4>\n<p>&nbsp;<br \/>\n&nbsp;<\/p>\n<h4 id=\"mitte\">Baugesch\u00e4ft Bade &#8211; Einfamilienhaus &#8211; Typ II<\/h4>\n<h6>Grundtyp, der Ihren pers\u00f6nlichen Bed\u00fcrfnissen und Gestaltungsw\u00fcnschen angepasst werden kann<\/h6>\n<h3>Smart Slider with ID #8 does NOT EXIST or has NO SLIDES!<\/h3><h4>Usage: WordPress Shortcode<\/h4>\n<h4><\/h4>\n<p>&nbsp;<br \/>\n&nbsp;<\/p>\n<h4 id=\"mitte\">Baugesch\u00e4ft Bade &#8211; Einfamilienhaus &#8211; Typ III<\/h4>\n<h6>Grundtyp, der Ihren pers\u00f6nlichen Bed\u00fcrfnissen und Gestaltungsw\u00fcnschen angepasst werden kann<\/h6>\n<h3>Smart Slider with ID #9 does NOT EXIST or has NO SLIDES!<\/h3><h4>Usage: WordPress Shortcode<\/h4>\n<h4><\/h4>\n<p>&nbsp;<br \/>\n&nbsp;<\/p>\n<h4 id=\"mitte\">Baugesch\u00e4ft Bade &#8211; Einfamilienhaus &#8211; Typ IV<\/h4>\n<h6>Grundtyp, der Ihren pers\u00f6nlichen Bed\u00fcrfnissen und Gestaltungsw\u00fcnschen angepasst werden kann<\/h6>\n<h3>Smart Slider with ID #10 does NOT EXIST or has NO SLIDES!<\/h3><h4>Usage: WordPress Shortcode<\/h4>\n","protected":false},"excerpt":{"rendered":"<p>Baugesch\u00e4ft Bade &#8211; Einfamilienhaus &#8211; Typ I Grundtyp, der Ihren pers\u00f6nlichen Bed\u00fcrfnissen und Gestaltungsw\u00fcnschen angepasst werden kann &nbsp; &nbsp; Baugesch\u00e4ft Bade &#8211; Einfamilienhaus &#8211; Typ II Grundtyp, der Ihren pers\u00f6nlichen Bed\u00fcrfnissen und Gestaltungsw\u00fcnschen angepasst werden kann &nbsp; &nbsp; Baugesch\u00e4ft Bade &#8211; Einfamilienhaus &#8211; Typ III Grundtyp, der Ihren pers\u00f6nlichen Bed\u00fcrfnissen und Gestaltungsw\u00fcnschen angepasst werden kann [&hellip;]<\/p>\n","protected":false},"author":1,"featured_media":0,"parent":0,"menu_order":0,"comment_status":"closed","ping_status":"closed","template":"","meta":[],"_links":{"self":[{"href":"https:\/\/baugeschaeft-bade.de\/index.php?rest_route=\/wp\/v2\/pages\/170"}],"collection":[{"href":"https:\/\/baugeschaeft-bade.de\/index.php?rest_route=\/wp\/v2\/pages"}],"about":[{"href":"https:\/\/baugeschaeft-bade.de\/index.php?rest_route=\/wp\/v2\/types\/page"}],"author":[{"embeddable":true,"href":"https:\/\/baugeschaeft-bade.de\/index.php?rest_route=\/wp\/v2\/users\/1"}],"replies":[{"embeddable":true,"href":"https:\/\/baugeschaeft-bade.de\/index.php?rest_route=%2Fwp%2Fv2%2Fcomments&post=170"}],"version-history":[{"count":11,"href":"https:\/\/baugeschaeft-bade.de\/index.php?rest_route=\/wp\/v2\/pages\/170\/revisions"}],"predecessor-version":[{"id":710,"href":"https:\/\/baugeschaeft-bade.de\/index.php?rest_route=\/wp\/v2\/pages\/170\/revisions\/710"}],"wp:attachment":[{"href":"https:\/\/baugeschaeft-bade.de\/index.php?rest_route=%2Fwp%2Fv2%2Fmedia&parent=170"}],"curies":[{"name":"wp","href":"https:\/\/api.w.org\/{rel}","templated":true}]}}