{"id":86,"date":"2015-10-14T09:54:28","date_gmt":"2015-10-14T09:54:28","guid":{"rendered":"http:\/\/baugeschaeft-bade.de\/?page_id=86"},"modified":"2015-11-25T21:29:23","modified_gmt":"2015-11-25T21:29:23","slug":"neubau","status":"publish","type":"page","link":"https:\/\/baugeschaeft-bade.de\/?page_id=86","title":{"rendered":"Neubau"},"content":{"rendered":"<h4 class=\"titel\"><\/h4>\n<h4 class=\"titel\"><img loading=\"lazy\" class=\"size-full wp-image-697 alignleft\" src=\"http:\/\/baugeschaeft-bade.de\/wp-content\/uploads\/2015\/10\/freie-planung.jpg\" alt=\"freie-planung\" width=\"350\" height=\"233\" srcset=\"https:\/\/baugeschaeft-bade.de\/wp-content\/uploads\/2015\/10\/freie-planung.jpg 350w, https:\/\/baugeschaeft-bade.de\/wp-content\/uploads\/2015\/10\/freie-planung-300x200.jpg 300w\" sizes=\"(max-width: 350px) 100vw, 350px\" \/><\/h4>\n<h4 class=\"titel\">Wir schaffen Raum nach Ihren Ideen.<\/h4>\n<div class=\"fliesstext\">\n<p>Neben unseren vorgestellten Haustypen planen und entwickeln wir gemeinsam mit Ihnen Ihr zuk\u00fcnftiges Zuhause, individuell und frei. Ob Einfamilienh\u00e4user, Bungalowbauten, Doppelh\u00e4user, Zweifamilienh\u00e4user oder auch Mehrfamilienh\u00e4user, ob nordisch massiv, modern gradlinig, klassisch elegant oder romantisch mediterran, wir passen die Entw\u00fcrfe flexibel auf Ihre pers\u00f6nlichen Vorstellungen und W\u00fcnsche an. Langj\u00e4hrige Erfahrung und ein ausgereiftes Planungsprogramm unterst\u00fctzen uns dabei.<\/p>\n<p>W\u00e4hlen Sie Hausgr\u00f6\u00dfe und Ansichten aus unseren Vorlagen aus oder bringen Sie Fotos, Pl\u00e4ne oder Skizzen anderer H\u00e4user oder Ideen zu einem Beratungstermin bei uns mit. F\u00fcr die Gestaltung des Hauses, besonders f\u00fcr die Geb\u00e4udeabmessungen und die Ausrichtung der R\u00e4ume, ist die Gr\u00f6\u00dfe und Lage des Baugrundst\u00fcckes von grundlegender Bedeutung. Da nicht jedes Haus auf jedes Grundst\u00fcck passt, sind nat\u00fcrlich Angaben zu <a href=\"http:\/\/baugeschaeft-bade.de\/wp-content\/uploads\/2015\/10\/freie-planung3.jpg\"><img loading=\"lazy\" class=\"alignleft size-full wp-image-699\" src=\"http:\/\/baugeschaeft-bade.de\/wp-content\/uploads\/2015\/10\/freie-planung3.jpg\" alt=\"freie-planung3\" width=\"350\" height=\"233\" srcset=\"https:\/\/baugeschaeft-bade.de\/wp-content\/uploads\/2015\/10\/freie-planung3.jpg 350w, https:\/\/baugeschaeft-bade.de\/wp-content\/uploads\/2015\/10\/freie-planung3-300x200.jpg 300w\" sizes=\"(max-width: 350px) 100vw, 350px\" \/><\/a>dem k\u00fcnftigen Baugrundst\u00fcck vorteilhaft. Selbstverst\u00e4ndlich schauen wir uns auch gerne gemeinsam das Bauareal an, denn oftmals entstehen bei diesem Ortstermin weitere Ideen f\u00fcr Ihr zuk\u00fcnftiges Heim.<\/p>\n<p>Eine ma\u00dfgeschneiderte Grundrissgestaltung, abgestimmt auf Ihre Bed\u00fcrfnisse und Gewohnheiten, b\u00fcrgt f\u00fcr eine lang anhaltende Zufriedenheit in den eigenen vier W\u00e4nden. Wir koordinieren die Erstellung der Bauantragsunterlagen, einschlie\u00dflich Planung, Statik und energetischen Nachweisen, die Abstimmung mit dem Bauamt, das Einreichen des Bauantrages und die Erlangung der Baugenehmigung.<\/p>\n<p>So wird Ihr Traum vom Haus zu einem echten Traumhaus &#8211; dank einer durchdachten Planung, sorgf\u00e4ltigen Vorbereitung und soliden Ausf\u00fchrung bis ins kleinste Detail. Gerne gehen wir mit Ihnen diesen individuellen Weg. Professionell und immer ganz pers\u00f6nlich.<\/p>\n<\/div>\n","protected":false},"excerpt":{"rendered":"<p>Wir schaffen Raum nach Ihren Ideen. Neben unseren vorgestellten Haustypen planen und entwickeln wir gemeinsam mit Ihnen Ihr zuk\u00fcnftiges Zuhause, individuell und frei. Ob Einfamilienh\u00e4user, Bungalowbauten, Doppelh\u00e4user, Zweifamilienh\u00e4user oder auch Mehrfamilienh\u00e4user, ob nordisch massiv, modern gradlinig, klassisch elegant oder romantisch mediterran, wir passen die Entw\u00fcrfe flexibel auf Ihre pers\u00f6nlichen Vorstellungen und W\u00fcnsche an. Langj\u00e4hrige Erfahrung [&hellip;]<\/p>\n","protected":false},"author":1,"featured_media":0,"parent":0,"menu_order":0,"comment_status":"closed","ping_status":"closed","template":"","meta":[],"_links":{"self":[{"href":"https:\/\/baugeschaeft-bade.de\/index.php?rest_route=\/wp\/v2\/pages\/86"}],"collection":[{"href":"https:\/\/baugeschaeft-bade.de\/index.php?rest_route=\/wp\/v2\/pages"}],"about":[{"href":"https:\/\/baugeschaeft-bade.de\/index.php?rest_route=\/wp\/v2\/types\/page"}],"author":[{"embeddable":true,"href":"https:\/\/baugeschaeft-bade.de\/index.php?rest_route=\/wp\/v2\/users\/1"}],"replies":[{"embeddable":true,"href":"https:\/\/baugeschaeft-bade.de\/index.php?rest_route=%2Fwp%2Fv2%2Fcomments&post=86"}],"version-history":[{"count":5,"href":"https:\/\/baugeschaeft-bade.de\/index.php?rest_route=\/wp\/v2\/pages\/86\/revisions"}],"predecessor-version":[{"id":700,"href":"https:\/\/baugeschaeft-bade.de\/index.php?rest_route=\/wp\/v2\/pages\/86\/revisions\/700"}],"wp:attachment":[{"href":"https:\/\/baugeschaeft-bade.de\/index.php?rest_route=%2Fwp%2Fv2%2Fmedia&parent=86"}],"curies":[{"name":"wp","href":"https:\/\/api.w.org\/{rel}","templated":true}]}}