{"id":90,"date":"2015-10-14T09:54:54","date_gmt":"2015-10-14T09:54:54","guid":{"rendered":"http:\/\/baugeschaeft-bade.de\/?page_id=90"},"modified":"2015-11-25T17:04:45","modified_gmt":"2015-11-25T17:04:45","slug":"badsanierung","status":"publish","type":"page","link":"https:\/\/baugeschaeft-bade.de\/?page_id=90","title":{"rendered":"Badsanierung"},"content":{"rendered":"<div id=\"mitte\">\n<h4><img loading=\"lazy\" class=\"alignnone size-full wp-image-636 alignleft\" src=\"http:\/\/baugeschaeft-bade.de\/wp-content\/uploads\/2015\/10\/badsanierung.jpg\" alt=\"badsanierung\" width=\"350\" height=\"263\" srcset=\"https:\/\/baugeschaeft-bade.de\/wp-content\/uploads\/2015\/10\/badsanierung.jpg 350w, https:\/\/baugeschaeft-bade.de\/wp-content\/uploads\/2015\/10\/badsanierung-300x225.jpg 300w\" sizes=\"(max-width: 350px) 100vw, 350px\" \/>Sie m\u00f6chten Ihr Bad sanieren?<\/h4>\n<h4>Oder planen einen Neubau?<\/h4>\n<p>Von klassisch schlichten L\u00f6sungen bis zur Wellness-Oase k\u00fcmmern wir uns nicht nur um die Maurer-, Trockenbau und Fliesenlegerarbeiten sondern koordinieren auch die Sanit\u00e4r- und Heizungsinstallationen sowie die Elektroinstallationsarbeiten.<\/p>\n<p>Lassen Sie sich durch unsere Vorschl\u00e4ge inspirieren und schauen Sie sich Ihr neues Badezimmer schon im Voraus auf einem Computer in einer 3D-Animation an!<\/p>\n<\/div>\n","protected":false},"excerpt":{"rendered":"<p>Sie m\u00f6chten Ihr Bad sanieren? Oder planen einen Neubau? Von klassisch schlichten L\u00f6sungen bis zur Wellness-Oase k\u00fcmmern wir uns nicht nur um die Maurer-, Trockenbau und Fliesenlegerarbeiten sondern koordinieren auch die Sanit\u00e4r- und Heizungsinstallationen sowie die Elektroinstallationsarbeiten. Lassen Sie sich durch unsere Vorschl\u00e4ge inspirieren und schauen Sie sich Ihr neues Badezimmer schon im Voraus auf [&hellip;]<\/p>\n","protected":false},"author":1,"featured_media":0,"parent":0,"menu_order":0,"comment_status":"closed","ping_status":"closed","template":"","meta":[],"_links":{"self":[{"href":"https:\/\/baugeschaeft-bade.de\/index.php?rest_route=\/wp\/v2\/pages\/90"}],"collection":[{"href":"https:\/\/baugeschaeft-bade.de\/index.php?rest_route=\/wp\/v2\/pages"}],"about":[{"href":"https:\/\/baugeschaeft-bade.de\/index.php?rest_route=\/wp\/v2\/types\/page"}],"author":[{"embeddable":true,"href":"https:\/\/baugeschaeft-bade.de\/index.php?rest_route=\/wp\/v2\/users\/1"}],"replies":[{"embeddable":true,"href":"https:\/\/baugeschaeft-bade.de\/index.php?rest_route=%2Fwp%2Fv2%2Fcomments&post=90"}],"version-history":[{"count":5,"href":"https:\/\/baugeschaeft-bade.de\/index.php?rest_route=\/wp\/v2\/pages\/90\/revisions"}],"predecessor-version":[{"id":637,"href":"https:\/\/baugeschaeft-bade.de\/index.php?rest_route=\/wp\/v2\/pages\/90\/revisions\/637"}],"wp:attachment":[{"href":"https:\/\/baugeschaeft-bade.de\/index.php?rest_route=%2Fwp%2Fv2%2Fmedia&parent=90"}],"curies":[{"name":"wp","href":"https:\/\/api.w.org\/{rel}","templated":true}]}}